e of 3 + 3 + -5 + -2?
-1
What is the value of 0 - 0 - (134 + -130)?
-4
Evaluate 3 - (3 + 8 + -5).
-3
What is the value of 77 + -84 + 9 + (-1 - -3)?
4
What is the value of -14 + 22 - -2 - 15?
-5
What is (36 - 38) + -3 + 1?
-4
1 - 0 - (18 - 21)
4
Calculate -3 + -1 + 2 + 2.
0
-5 + -2 + 3 + 3
-1
Evaluate (1 + -4 - -6) + -5 + 7.
5
What is the value of (0 - (0 + 0)) + (-2 - 1)?
-3
2 + 1 + -3 + 9 + -5
4
What is the value of -6 + 8 - 6 - 0?
-4
What is the value of -6 + (-1 - 1) + 12?
4
What is 5 + 1 - (6 - 3)?
3
What is 5 - -2 - 2 - (120 - 116)?
1
What is -2 - (3 - 0) - -4?
-1
What is -1 + 2 + (-131 - -132)?
2
Evaluate -2 + 1 + (-3 + -1 - -6).
1
Evaluate (13 - 6) + -4 + 0 + -1.
2
Calculate -5 - (3 - (-3 - (1 - 15))).
3
Evaluate -1 + 0 + 2 - 1.
0
What is 1 + 1 + -3 + 2 + -5?
-4
What is the value of 2 + -1 + -7 + 3?
-3
Evaluate -3 + -3 + 5 - -6.
5
What is 4 + -3 + -6 - (-2 + 1)?
-4
Evaluate 6 + (-1 - 0) + (-1 - 3).
1
Evaluate 2 - 4 - -10 - 0 - 3.
5
-14 - (12 - 22) - 2
-6
Calculate -6 + 1 + 0 + 0 + 0.
-5
-4 + 0 + (4 - 1)
-1
What is 33 - 38 - (0 - 5)?
0
What is -28 + 10 - (-9 + 0)?
-9
Calculate -8 - (-1 - -4) - -9.
-2
3 + -1 + -1 + (-73 - -74)
2
What is the value of 3 - (4 + -2 - 0)?
1
What is the value of -4 + (-1 - -1) - -3?
-1
Calculate -11 - -5 - -3 - -1.
-2
12 - (-3 + 8) - 11
-4
What is (0 - 5) + (7 - -7)?
9
What is the value of -10 - (8 - -1 - 21)?
2
Calculate (-8 - (-1 - 10)) + -8.
-5
What is 10 + (-17 - -2) + 5?
0
What is 2 + (2 - -5) + -15?
-6
2 - (8 - (3 - -1))
-2
(0 - (2 - 11)) + -11
-2
Evaluate (-3 - 0) + (3 + 0 - 0).
0
What is -1 + 2 + -1 + 5?
5
What is 8 + -4 - (-4 - -3)?
5
What is the value of -2 - ((31 - 27) + (-7 - -2))?
-1
What is the value of -4 + 6 + -3 + -2?
-3
-1 + 2 + -2 + 3
2
Evaluate -8 + 7 - (1 - 0).
-2
What is the value of 1 - (-6 + 5) - (0 - -2)?
0
What is the value of (-16 - -14 - (2 - 1)) + 0?
-3
(-8 - (-23 - -6)) + -3
6
Evaluate 1 + 5 + -2 + -2 + -5.
-3
(-7 - 0) + -3 - -15
5
Calculate (2 - -1) + -9 - -2.
-4
Evaluate -2 - 1 - 3 - (-3 - 0).
-3
What is 16 + -13 + -2 + (2 - -5)?
8
0 + (-2 - (1 + -1 + 1))
-3
-3 + (-3 - -4) + 2 - 5
-5
-2 - (-2 - (-3 + -2) - 2)
-3
What is (0 - (4 - 2)) + 2?
0
(-1 - (-4 + -1 + 7)) + 2
-1
What is the value of 3 + (-5 - -2 - -2)?
2
What is the value of -22 - -11 - (-1 - 6)?
-4
What is the value of 5 + -1 + 6 + (-3 - 2)?
5
Evaluate 18 + -12 - (5 - -4).
-3
Calculate 5 - (-3 + 1 + 11).
-4
Calculate -3 + -6 - (2 - 7).
-4
Calculate (5 - 1) + 0 + -2.
2
(2 + -7 - (-42 - -40)) + -7
-10
5 + (0 - (-1 + -6)) - 6
6
Evaluate -3 + (-2 + 5 - (-17 - -21)).
-4
(-1 - (4 + -7)) + 0 - 5
-3
(3 - -2) + -3 + -1 + -2
-1
What is -2 + ((4 - 5) + 0 - 1)?
-4
Evaluate 78 + -81 + 6 + -1 + 1.
3
-3 - (-8 + 11) - -4
-2
What is the value of 1 - ((5 - 0) + 1 - 3)?
-2
Evaluate 0 - (0 - (3 - 5 - 0)).
-2
(4 + -3 - 0) + 3
4
Calculate -1 - (0 - -2) - (-2 - 0).
-1
Calculate (9 + (3 - 5) - 3) + 0.
4
What is the value of 1 + 0 + 4 - (5 + -4)?
4
What is (-1 - 1) + (1 - 0 - 2)?
-3
What is the value of 3 + 0 - 11 - (54 + -56)?
-6
Evaluate 3 + (-3 - 2) + (-5 - -10).
3
What is the value of 1 + -1 + (11 - 15 - -11)?
7
Calculate -11 + 5 + (-3 - -13).
4
What is the value of -2 + -2 + 10 - 10?
-4
Calculate (0 - -2 - -3) + -3 + 1.
3
-1 + ((3 - 1) + -2 - -2)
1
What is (-10 - (-3 - -7)) + 7?
-7
-1 - (-4 - (-3 + -3)) - -4
1
What is the value of -3 + (-9 - -15) + -1 + -1?
1
What is the value of -2 + -2 + (-2 - -9 - 3)?
0
What is the value of (6 - 11 - -5 - 10) + 0?
-10
1 - 10 - (-17 - -13)
-5
What is (-17 - 2) + 135 + -125?
-9
Calculate 7 + 1 + -3 + -1.
4
Calculate 7 + 1 + -3 + -10 + 10.
5
-7 + (-1 - (-19 - -11))
0
Calculate 0 + -2 + -1 + 2 + 0.
-1
Evaluate 11 - 9 - 5 - 4.
-7
1 - (3 - (2 - 1))
-1
What is -10 + (-7 - -4) + -1 + 4?
-10
What is 2 + -4 + (7 - 10) + 4?
-1
Calculate (5 - -2) + -1 + 2 - 14.
-6
Calculate 0 - -3 - (29 - 24).
-2
What is the value of 4 + -6 - -6 - (2 + -1)?
3
Evaluate -11 + 13 - (-3 + 2).
3
What is the value of (48 - 33) + 2 + -10?
7
Calculate -2 - (1 + -1 + (3 - 2)).
-3
What is -1 + (-8 + 3 - -11)?
5
1 - (-1 + -1 - -1)
2
4 - 2 - (1 + 2) - 2
-3
Evaluate 2 + (-3 - -1) + 3 - 12.
-9
Calculate 4 + -6 + (4 - (1 - -3)).
-2
What is 5 + (-1 - -1) + 6 + -15?
-4
Calculate -16 - -17 - (-8 - -13).
-4
Evaluate (1 - -3) + -13 + 4.
-5
What is the value of (-1 - -6) + -2 + (-2 - -3)?
4
Evaluate -6 + 11 - 11 - (-1 - 7).
2
0 - (-3 - (-5 - -8))
6
What is (-56 - -66) + 2 + (-5 - 1)?
6
What is the value of 1 - (1 + 3 - 5)?
2
What is (-7 - -3 - -6 - -2) + 4?
8
Evaluate (-6 - -11 - 1) + -1.
3
Evaluate -2 + -1 - (9 + -15).
3
Calculate 16 - 14 - (-2 + -1 + 5).
0
What is the value of -3 - (6 + -4 + -5)?
0
188 + -194 + (0 - 0)
-6
Calculate 2 + 1 - ((-7 - -8) + -3).
5
Evaluate (-5 - 1) + (2 + -2 - -2).
-4
Calculate -3 + -4 + 8 + 1.
2
Calculate -9 + 8 + (-4 - 0).
-5
(0 - -6) + (7 - 10)
3
What is the value of 0 + -5 - (-28 + (2 - -15))?
6
10 + (-24 - (-3 - 7))
-4
What is 1 - (-4 - -11) - -7?
1
Evaluate (-1 - (2 + 5)) + 8 + -10.
-10
What is (6 - (6 - (-3 + 4))) + 4?
5
What is 1 - (12 + -5 - 1)?
-5
Calculate -5 + -4 - -5 - -6.
2
Calculate 0 + -2 + (8 - 3).
3
-2 - (-1 - (11 - 4))
6
What is the value of 1 - (0 + 5) - (14 - 24)?
6
Calculate 0 + ((0 - -1) + -6 - -3).
-2
What is (-1 - (-2 - (-3 - -6))) + -8?
-4
Calculate -11 - -8 - (-1 + (-4 - -2)).
0
What is the value of 5 + -2 + 4 + (2 - 6)?
3
4 + -1 + (-6 - (2 - 3))
-2
What is the value of (-3 + 3 - 0) + -2?
-2
Evaluate 17 + -43 + 20 - (2 + 0).
-8
Evaluate -3 + 1 + -2 - 1.
-5
3 + (5 - (6 + -4 + 4))
2
9 + -10 - (-3 + 0)
2
Calculate -4 + -2 + (8 - (6 - 4)).
0
Evaluate (-5 - -20) + (4 - 11).
8
What is the value of 16 - (6 + 7 + -2)?
5
Evaluate (7 - 8 - 7) + 8.
0
(-18 - -9) + 4 + 10
5
(0 + 11 - (-16 - -10)) + -8
9
(-5 - 0) + (0 - -9)
4
What is (1 - 3) + -3 + 9 + 2?
6
(12 - 16) + 1 + 0 + 3
0
(9 - 13) + 1 + -2
-5
Evaluate 0 + -8 - -12 - 9.
-5
What is the value of 0 - (-1 + (6 - 6))?
1
-6 + (29 - (8 - -6))
9
What is 2 - (7 + -6 + -1)?
2
Calculate 5 - (1 + -1) - 2.
3
Calculate -5 - 1 - (-12 - -11).
-5
Evaluate -1 + -5 + 10 + -7.
-3
Calculate -7 - 0 - -1 - (51 - 52).
-5
What is 2 - (3 + 0 + 4 + 0)?
-5
Calculate (-6 - -5) + (-1 - 0).
-2
Evaluate 1 - (6 + -2 - 4 - -2).
-1
Calculate -1 + 1 + (-24 - -20).
-4
Calculate 16 + 1 + (-4 - 4) + -1.
8
What is 1 - (-11 + (-2 - 1) + 8)?
7
Calculate -1 + (-7 - -10) + (1 - 0).
3
What is -5 - -3 - -3 - (4 - 4)?
1
Evaluate (1 - -6 - 18) + (5 - 1).
-7
What is the value of 7 - (0 - (9 + -13))?
3
What is 10 - 4 - (11 - (-4 + 14))?
5
Calculate -3 + (-7 - -6) + 7.
3
50 - 49 - (12 - 1)
-10
-4 + 3 + (-2 - -4)
1
What is the value of 0 + -4 + 5 - 2 - 1?
-2
What is the value of -3 + -7 + 3 + 2?
-5
What is (-5 + -1 - -6) + 0 + 1?
1
What is 2 + -10 + (1 - (-1 - 1))?
-5
Calculate (-1 - -2) + -1 - (8 - 4).
-4
Calculate (-2 - (-1 - -2)) + 78 + -82.
-7
Calculate -6 + 0 + (8 - 3 - 3).
-4
What is the value of -1 + 6 + (-5 + 2 - -1)?
3
18 + -22 - (-9 - (-3 + 2))
4
What is the value of 50 + -44 + (-7 - 2)?
-3
(1 - 4) + -1 + -20 + 24
0
What is (-5 + 9 - 0) + -7 + -5?
-8
Evaluate -8 + 17 + -7 + -3.
-1
Calculate -3 + 9 + (0 - 4).
2
4 + -9 + 2 + 0
-3
What is 11 - (0 - (-2 - (-4 + 7)))?
6
What is the value of 5 + (0 - 2 - -3) + -5?
1
What is -3 + 0 + 7 + -5 + 3?
2
Calculate (-4 - -8) + 1 + -10.
-5
What is 12 + (-13 - -5) + -4?
0
What is the value of (-10 - 0) + (7 - (-5 - -9))?
-7
Evaluate 2 - -2 - (-5 + 8).
1
Calculate (-2 - 0 - (-17 + 17)) + -3.
-5
Evaluate -6 + 18 + -9 - 8.
-5
2 + -4 - (7 + (-7 - -3))
-5
What is the value of 6 + -16 + -6 + 12?
-4
What is 4 + 1 + -2 - (9 + -11)?
5
-5 + (-1 + 8 - (1 - -2))
-1
What is (-1 - -1) + -1 + (-3 - -3)?
-1
Evaluate -5 - 0 - 1 - (-36 - -29).
1
-7 + 0 + (-19 + 36 - 10)
0
Evaluate (28 - 29) + 1 + 0 + -7.
-7
Evaluate 1 - (-1 + -1) - (3 - -1).
-1
(9 - 0 - 6) + -8
-5
What is the value of -6 - ((-2 - (1 + -14)) + -8)?
-9
What is 1 - (-1 - -2) - 2 - -7?
5
(-3 + -1 - -3) + -2
-3
Evaluate 2 + ((5 - 7) + -5 - -4).
-1
Calculate (9 - 6) + -2 + -6.
-5
Calculate 10 - 9 - (7 - (0 + 1)).
-5
What is the value of -2 - (1 + (0 - (1 + 1)))?
-1
Evaluate 4 + 0 + -2 + 1 + -3.
0
What is the value of 35 + -34 - (3 + -7)?
5
-106 - -103 - (0 - -1)
-4
Evaluate (0 - 1) + (14 + -17 - -6).
2
What is (6 - (1 - (-7 - -5))) + 4?
7
Evaluate (0 - 9) + (4 - -2).
-3
Calculate -4 - 0 - (-3 - (-1 + -3)).
-5
(0 -